{"id":8,"date":"2024-04-23T17:36:55","date_gmt":"2024-04-23T17:36:55","guid":{"rendered":"https:\/\/nuevo.cerzos-conicet.gob.ar\/?page_id=8"},"modified":"2025-03-06T18:49:04","modified_gmt":"2025-03-06T18:49:04","slug":"inicio","status":"publish","type":"page","link":"https:\/\/nuevo.cerzos-conicet.gob.ar\/","title":{"rendered":"Inicio"},"content":{"rendered":"\t\t<div data-elementor-type=\"wp-page\" data-elementor-id=\"8\" class=\"elementor elementor-8\">\n\t\t\t\t<div class=\"elementor-element elementor-element-3b5554c e-flex e-con-boxed e-con e-parent\" data-id=\"3b5554c\" data-element_type=\"container\">\n\t\t\t\t\t<div class=\"e-con-inner\">\n\t\t\t\t\t<\/div>\n\t\t\t\t<\/div>\n\t\t<div class=\"elementor-element elementor-element-8186e88 e-flex e-con-boxed e-con e-parent\" data-id=\"8186e88\" data-element_type=\"container\">\n\t\t\t\t\t<div class=\"e-con-inner\">\n\t\t\t\t<div class=\"elementor-element elementor-element-a18dbf5 elementor-widget elementor-widget-shortcode\" data-id=\"a18dbf5\" data-element_type=\"widget\" data-widget_type=\"shortcode.default\">\n\t\t\t\t<div class=\"elementor-widget-container\">\n\t\t\t\t\t<div class=\"elementor-shortcode\"><div id=\"metaslider-id-61\" style=\"width: 100%; margin: 0 auto;\" class=\"ml-slider-3-96-0 metaslider metaslider-flex metaslider-61 ml-slider ms-theme-default nav-hidden\" role=\"region\" aria-roledescription=\"Slideshow\" aria-label=\"Nueva presentaci\u00f3n de diapositivas\">\n    <div id=\"metaslider_container_61\">\n        <div id=\"metaslider_61\">\n            <ul class='slides'>\n                <li style=\"display: none; width: 100%;\" class=\"slide-62 ms-image \" aria-roledescription=\"slide\" aria-label=\"slide-62\" data-date=\"2024-07-05 14:07:22\"><img fetchpriority=\"high\" decoding=\"async\" width=\"1100\" height=\"350\" src=\"https:\/\/nuevo.cerzos-conicet.gob.ar\/wp-content\/uploads\/2024\/07\/micro.jpg\" class=\"slider-61 slide-62\" alt=\"\" rel=\"\" title=\"micro\" srcset=\"https:\/\/nuevo.cerzos-conicet.gob.ar\/wp-content\/uploads\/2024\/07\/micro.jpg 1100w, https:\/\/nuevo.cerzos-conicet.gob.ar\/wp-content\/uploads\/2024\/07\/micro-300x95.jpg 300w, https:\/\/nuevo.cerzos-conicet.gob.ar\/wp-content\/uploads\/2024\/07\/micro-1024x326.jpg 1024w, https:\/\/nuevo.cerzos-conicet.gob.ar\/wp-content\/uploads\/2024\/07\/micro-768x244.jpg 768w\" sizes=\"(max-width: 1100px) 100vw, 1100px\" \/><\/li>\n                <li style=\"display: none; width: 100%;\" class=\"slide-63 ms-image \" aria-roledescription=\"slide\" aria-label=\"slide-63\" data-date=\"2024-07-05 14:07:22\"><img decoding=\"async\" width=\"1100\" height=\"350\" src=\"https:\/\/nuevo.cerzos-conicet.gob.ar\/wp-content\/uploads\/2024\/07\/polinizador.jpg\" class=\"slider-61 slide-63\" alt=\"\" rel=\"\" title=\"polinizador\" srcset=\"https:\/\/nuevo.cerzos-conicet.gob.ar\/wp-content\/uploads\/2024\/07\/polinizador.jpg 1100w, https:\/\/nuevo.cerzos-conicet.gob.ar\/wp-content\/uploads\/2024\/07\/polinizador-300x95.jpg 300w, https:\/\/nuevo.cerzos-conicet.gob.ar\/wp-content\/uploads\/2024\/07\/polinizador-1024x326.jpg 1024w, https:\/\/nuevo.cerzos-conicet.gob.ar\/wp-content\/uploads\/2024\/07\/polinizador-768x244.jpg 768w\" sizes=\"(max-width: 1100px) 100vw, 1100px\" \/><\/li>\n                <li style=\"display: none; width: 100%;\" class=\"slide-64 ms-image \" aria-roledescription=\"slide\" aria-label=\"slide-64\" data-date=\"2024-07-05 14:07:23\"><img decoding=\"async\" width=\"1100\" height=\"350\" src=\"https:\/\/nuevo.cerzos-conicet.gob.ar\/wp-content\/uploads\/2024\/07\/macetas.jpg\" class=\"slider-61 slide-64\" alt=\"\" rel=\"\" title=\"macetas\" srcset=\"https:\/\/nuevo.cerzos-conicet.gob.ar\/wp-content\/uploads\/2024\/07\/macetas.jpg 1100w, https:\/\/nuevo.cerzos-conicet.gob.ar\/wp-content\/uploads\/2024\/07\/macetas-300x95.jpg 300w, https:\/\/nuevo.cerzos-conicet.gob.ar\/wp-content\/uploads\/2024\/07\/macetas-1024x326.jpg 1024w, https:\/\/nuevo.cerzos-conicet.gob.ar\/wp-content\/uploads\/2024\/07\/macetas-768x244.jpg 768w\" sizes=\"(max-width: 1100px) 100vw, 1100px\" \/><\/li>\n                <li style=\"display: none; width: 100%;\" class=\"slide-65 ms-image \" aria-roledescription=\"slide\" aria-label=\"slide-65\" data-date=\"2024-07-05 14:07:23\"><img loading=\"lazy\" decoding=\"async\" width=\"1100\" height=\"350\" src=\"https:\/\/nuevo.cerzos-conicet.gob.ar\/wp-content\/uploads\/2024\/07\/fumigador.jpg\" class=\"slider-61 slide-65\" alt=\"\" rel=\"\" title=\"fumigador\" srcset=\"https:\/\/nuevo.cerzos-conicet.gob.ar\/wp-content\/uploads\/2024\/07\/fumigador.jpg 1100w, https:\/\/nuevo.cerzos-conicet.gob.ar\/wp-content\/uploads\/2024\/07\/fumigador-300x95.jpg 300w, https:\/\/nuevo.cerzos-conicet.gob.ar\/wp-content\/uploads\/2024\/07\/fumigador-1024x326.jpg 1024w, https:\/\/nuevo.cerzos-conicet.gob.ar\/wp-content\/uploads\/2024\/07\/fumigador-768x244.jpg 768w\" sizes=\"(max-width: 1100px) 100vw, 1100px\" \/><\/li>\n                <li style=\"display: none; width: 100%;\" class=\"slide-66 ms-image \" aria-roledescription=\"slide\" aria-label=\"slide-66\" data-date=\"2024-07-05 14:07:23\"><img loading=\"lazy\" decoding=\"async\" width=\"1100\" height=\"350\" src=\"https:\/\/nuevo.cerzos-conicet.gob.ar\/wp-content\/uploads\/2024\/07\/hongos.jpg\" class=\"slider-61 slide-66\" alt=\"\" rel=\"\" title=\"hongos\" srcset=\"https:\/\/nuevo.cerzos-conicet.gob.ar\/wp-content\/uploads\/2024\/07\/hongos.jpg 1100w, https:\/\/nuevo.cerzos-conicet.gob.ar\/wp-content\/uploads\/2024\/07\/hongos-300x95.jpg 300w, https:\/\/nuevo.cerzos-conicet.gob.ar\/wp-content\/uploads\/2024\/07\/hongos-1024x326.jpg 1024w, https:\/\/nuevo.cerzos-conicet.gob.ar\/wp-content\/uploads\/2024\/07\/hongos-768x244.jpg 768w\" sizes=\"(max-width: 1100px) 100vw, 1100px\" \/><\/li>\n                <li style=\"display: none; width: 100%;\" class=\"slide-67 ms-image \" aria-roledescription=\"slide\" aria-label=\"slide-67\" data-date=\"2024-07-05 14:07:23\"><img loading=\"lazy\" decoding=\"async\" width=\"1100\" height=\"350\" src=\"https:\/\/nuevo.cerzos-conicet.gob.ar\/wp-content\/uploads\/2024\/07\/flores.jpg\" class=\"slider-61 slide-67\" alt=\"\" rel=\"\" title=\"flores\" srcset=\"https:\/\/nuevo.cerzos-conicet.gob.ar\/wp-content\/uploads\/2024\/07\/flores.jpg 1100w, https:\/\/nuevo.cerzos-conicet.gob.ar\/wp-content\/uploads\/2024\/07\/flores-300x95.jpg 300w, https:\/\/nuevo.cerzos-conicet.gob.ar\/wp-content\/uploads\/2024\/07\/flores-1024x326.jpg 1024w, https:\/\/nuevo.cerzos-conicet.gob.ar\/wp-content\/uploads\/2024\/07\/flores-768x244.jpg 768w\" sizes=\"(max-width: 1100px) 100vw, 1100px\" \/><\/li>\n                <li style=\"display: none; width: 100%;\" class=\"slide-68 ms-image \" aria-roledescription=\"slide\" aria-label=\"slide-68\" data-date=\"2024-07-05 14:07:23\"><img loading=\"lazy\" decoding=\"async\" width=\"1100\" height=\"350\" src=\"https:\/\/nuevo.cerzos-conicet.gob.ar\/wp-content\/uploads\/2024\/07\/cannabis.jpg\" class=\"slider-61 slide-68\" alt=\"\" rel=\"\" title=\"cannabis\" srcset=\"https:\/\/nuevo.cerzos-conicet.gob.ar\/wp-content\/uploads\/2024\/07\/cannabis.jpg 1100w, https:\/\/nuevo.cerzos-conicet.gob.ar\/wp-content\/uploads\/2024\/07\/cannabis-300x95.jpg 300w, https:\/\/nuevo.cerzos-conicet.gob.ar\/wp-content\/uploads\/2024\/07\/cannabis-1024x326.jpg 1024w, https:\/\/nuevo.cerzos-conicet.gob.ar\/wp-content\/uploads\/2024\/07\/cannabis-768x244.jpg 768w\" sizes=\"(max-width: 1100px) 100vw, 1100px\" \/><\/li>\n                <li style=\"display: none; width: 100%;\" class=\"slide-69 ms-image \" aria-roledescription=\"slide\" aria-label=\"slide-69\" data-date=\"2024-07-05 14:07:23\"><img loading=\"lazy\" decoding=\"async\" width=\"1100\" height=\"350\" src=\"https:\/\/nuevo.cerzos-conicet.gob.ar\/wp-content\/uploads\/2024\/07\/cultivo.jpg\" class=\"slider-61 slide-69\" alt=\"\" rel=\"\" title=\"cultivo\" srcset=\"https:\/\/nuevo.cerzos-conicet.gob.ar\/wp-content\/uploads\/2024\/07\/cultivo.jpg 1100w, https:\/\/nuevo.cerzos-conicet.gob.ar\/wp-content\/uploads\/2024\/07\/cultivo-300x95.jpg 300w, https:\/\/nuevo.cerzos-conicet.gob.ar\/wp-content\/uploads\/2024\/07\/cultivo-1024x326.jpg 1024w, https:\/\/nuevo.cerzos-conicet.gob.ar\/wp-content\/uploads\/2024\/07\/cultivo-768x244.jpg 768w\" sizes=\"(max-width: 1100px) 100vw, 1100px\" \/><\/li>\n                <li style=\"display: none; width: 100%;\" class=\"slide-70 ms-image \" aria-roledescription=\"slide\" aria-label=\"slide-70\" data-date=\"2024-07-05 14:07:23\"><img loading=\"lazy\" decoding=\"async\" width=\"1100\" height=\"350\" src=\"https:\/\/nuevo.cerzos-conicet.gob.ar\/wp-content\/uploads\/2024\/07\/campo.jpg\" class=\"slider-61 slide-70\" alt=\"\" rel=\"\" title=\"campo\" srcset=\"https:\/\/nuevo.cerzos-conicet.gob.ar\/wp-content\/uploads\/2024\/07\/campo.jpg 1100w, https:\/\/nuevo.cerzos-conicet.gob.ar\/wp-content\/uploads\/2024\/07\/campo-300x95.jpg 300w, https:\/\/nuevo.cerzos-conicet.gob.ar\/wp-content\/uploads\/2024\/07\/campo-1024x326.jpg 1024w, https:\/\/nuevo.cerzos-conicet.gob.ar\/wp-content\/uploads\/2024\/07\/campo-768x244.jpg 768w\" sizes=\"(max-width: 1100px) 100vw, 1100px\" \/><\/li>\n                <li style=\"display: none; width: 100%;\" class=\"slide-71 ms-image \" aria-roledescription=\"slide\" aria-label=\"slide-71\" data-date=\"2024-07-05 14:07:23\"><img loading=\"lazy\" decoding=\"async\" width=\"1100\" height=\"350\" src=\"https:\/\/nuevo.cerzos-conicet.gob.ar\/wp-content\/uploads\/2024\/07\/almejas.jpg\" class=\"slider-61 slide-71\" alt=\"\" rel=\"\" title=\"almejas\" srcset=\"https:\/\/nuevo.cerzos-conicet.gob.ar\/wp-content\/uploads\/2024\/07\/almejas.jpg 1100w, https:\/\/nuevo.cerzos-conicet.gob.ar\/wp-content\/uploads\/2024\/07\/almejas-300x95.jpg 300w, https:\/\/nuevo.cerzos-conicet.gob.ar\/wp-content\/uploads\/2024\/07\/almejas-1024x326.jpg 1024w, https:\/\/nuevo.cerzos-conicet.gob.ar\/wp-content\/uploads\/2024\/07\/almejas-768x244.jpg 768w\" sizes=\"(max-width: 1100px) 100vw, 1100px\" \/><\/li>\n                <li style=\"display: none; width: 100%;\" class=\"slide-72 ms-image \" aria-roledescription=\"slide\" aria-label=\"slide-72\" data-date=\"2024-07-05 14:07:23\"><img loading=\"lazy\" decoding=\"async\" width=\"1100\" height=\"350\" src=\"https:\/\/nuevo.cerzos-conicet.gob.ar\/wp-content\/uploads\/2024\/07\/arana.jpg\" class=\"slider-61 slide-72\" alt=\"\" rel=\"\" title=\"ara\u00f1a\" srcset=\"https:\/\/nuevo.cerzos-conicet.gob.ar\/wp-content\/uploads\/2024\/07\/arana.jpg 1100w, https:\/\/nuevo.cerzos-conicet.gob.ar\/wp-content\/uploads\/2024\/07\/arana-300x95.jpg 300w, https:\/\/nuevo.cerzos-conicet.gob.ar\/wp-content\/uploads\/2024\/07\/arana-1024x326.jpg 1024w, https:\/\/nuevo.cerzos-conicet.gob.ar\/wp-content\/uploads\/2024\/07\/arana-768x244.jpg 768w\" sizes=\"(max-width: 1100px) 100vw, 1100px\" \/><\/li>\n                <li style=\"display: none; width: 100%;\" class=\"slide-73 ms-image \" aria-roledescription=\"slide\" aria-label=\"slide-73\" data-date=\"2024-07-05 14:07:23\"><img loading=\"lazy\" decoding=\"async\" width=\"1100\" height=\"350\" src=\"https:\/\/nuevo.cerzos-conicet.gob.ar\/wp-content\/uploads\/2024\/07\/abeja.jpg\" class=\"slider-61 slide-73\" alt=\"\" rel=\"\" title=\"abeja\" srcset=\"https:\/\/nuevo.cerzos-conicet.gob.ar\/wp-content\/uploads\/2024\/07\/abeja.jpg 1100w, https:\/\/nuevo.cerzos-conicet.gob.ar\/wp-content\/uploads\/2024\/07\/abeja-300x95.jpg 300w, https:\/\/nuevo.cerzos-conicet.gob.ar\/wp-content\/uploads\/2024\/07\/abeja-1024x326.jpg 1024w, https:\/\/nuevo.cerzos-conicet.gob.ar\/wp-content\/uploads\/2024\/07\/abeja-768x244.jpg 768w\" sizes=\"(max-width: 1100px) 100vw, 1100px\" \/><\/li>\n            <\/ul>\n        <\/div>\n        \n    <\/div>\n<\/div><\/div>\n\t\t\t\t<\/div>\n\t\t\t\t<\/div>\n\t\t\t\t\t<\/div>\n\t\t\t\t<\/div>\n\t\t<div class=\"elementor-element elementor-element-31cce32 e-flex e-con-boxed e-con e-parent\" data-id=\"31cce32\" data-element_type=\"container\">\n\t\t\t\t\t<div class=\"e-con-inner\">\n\t\t\t\t<div class=\"elementor-element elementor-element-fb239cf elementor-widget elementor-widget-text-editor\" data-id=\"fb239cf\" data-element_type=\"widget\" data-widget_type=\"text-editor.default\">\n\t\t\t\t<div class=\"elementor-widget-container\">\n\t\t\t<style>\/*! elementor - v3.22.0 - 26-06-2024 *\/\n.elementor-widget-text-editor.elementor-drop-cap-view-stacked .elementor-drop-cap{background-color:#69727d;color:#fff}.elementor-widget-text-editor.elementor-drop-cap-view-framed .elementor-drop-cap{color:#69727d;border:3px solid;background-color:transparent}.elementor-widget-text-editor:not(.elementor-drop-cap-view-default) .elementor-drop-cap{margin-top:8px}.elementor-widget-text-editor:not(.elementor-drop-cap-view-default) .elementor-drop-cap-letter{width:1em;height:1em}.elementor-widget-text-editor .elementor-drop-cap{float:left;text-align:center;line-height:1;font-size:50px}.elementor-widget-text-editor .elementor-drop-cap-letter{display:inline-block}<\/style>\t\t\t\t<p>El Centro de Recursos Naturales Renovables de la Zona Semi\u00e1rida (CERZOS) fue creado en 1980 por la Universidad Nacional del Sur (UNS) y el Consejo Nacional de Investigaciones Cient\u00edficas y T\u00e9cnicas (CONICET). Se encuentra ubicado en la regi\u00f3n semi\u00e1rida del sudoeste de la provincia de Buenos Aires siendo la principal actividad econ\u00f3mica la industria petroqu\u00edmica, la explotaci\u00f3n agr\u00edcola-ganadera, y la actividad PyME diversificada en producci\u00f3n de alimentos, metalmec\u00e1nica, servicios y log\u00edstica, adem\u00e1s de la comercial. En funci\u00f3n de las caracter\u00edsticas de la regi\u00f3n de enclave, el CERZOS ha evolucionado como una instituci\u00f3n de investigaci\u00f3n que genera, difunde y aplica conocimiento cient\u00edfico y tecnol\u00f3gico para el manejo sustentable de los recursos naturales de sistemas ecol\u00f3gicos dentro de la regi\u00f3n cultivable y no-cultivable semi\u00e1rida de Argentina y para la producci\u00f3n de agro-alimentos. Es por eso que brinda actualmente una amplia diversidad de servicios y asesoramientos cuya\u00a0<a href=\"https:\/\/cerzos.conicet.gov.ar\/index.php\/servicios\/servicios\">oferta tecnol\u00f3gica<\/a>\u00a0est\u00e1 mayormente dirigida a entidades e industrias que busquen incrementar su productividad de forma sostenible.<\/p>\t\t\t\t\t\t<\/div>\n\t\t\t\t<\/div>\n\t\t\t\t\t<\/div>\n\t\t\t\t<\/div>\n\t\t<div class=\"elementor-element elementor-element-c8bdf2e e-grid e-con-boxed e-con e-parent\" data-id=\"c8bdf2e\" data-element_type=\"container\">\n\t\t\t\t\t<div class=\"e-con-inner\">\n\t\t\t\t<div class=\"elementor-element elementor-element-e18e073 elementor-widget elementor-widget-image\" data-id=\"e18e073\" data-element_type=\"widget\" data-widget_type=\"image.default\">\n\t\t\t\t<div class=\"elementor-widget-container\">\n\t\t\t<style>\/*! elementor - v3.22.0 - 26-06-2024 *\/\n.elementor-widget-image{text-align:center}.elementor-widget-image a{display:inline-block}.elementor-widget-image a img[src$=\".svg\"]{width:48px}.elementor-widget-image img{vertical-align:middle;display:inline-block}<\/style>\t\t\t\t\t\t\t\t\t\t<img loading=\"lazy\" decoding=\"async\" width=\"466\" height=\"229\" src=\"https:\/\/nuevo.cerzos-conicet.gob.ar\/wp-content\/uploads\/2025\/03\/YDRAY-130-barro.jpg\" class=\"attachment-large size-large wp-image-97\" alt=\"\" srcset=\"https:\/\/nuevo.cerzos-conicet.gob.ar\/wp-content\/uploads\/2025\/03\/YDRAY-130-barro.jpg 466w, https:\/\/nuevo.cerzos-conicet.gob.ar\/wp-content\/uploads\/2025\/03\/YDRAY-130-barro-300x147.jpg 300w\" sizes=\"(max-width: 466px) 100vw, 466px\" \/>\t\t\t\t\t\t\t\t\t\t\t\t\t<\/div>\n\t\t\t\t<\/div>\n\t\t\t\t<div class=\"elementor-element elementor-element-ceccebc elementor-widget elementor-widget-image\" data-id=\"ceccebc\" data-element_type=\"widget\" data-widget_type=\"image.default\">\n\t\t\t\t<div class=\"elementor-widget-container\">\n\t\t\t\t\t\t\t\t\t\t\t\t\t<img loading=\"lazy\" decoding=\"async\" width=\"466\" height=\"229\" src=\"https:\/\/nuevo.cerzos-conicet.gob.ar\/wp-content\/uploads\/2025\/03\/dm_20240524142507_002.png\" class=\"attachment-large size-large wp-image-96\" alt=\"\" srcset=\"https:\/\/nuevo.cerzos-conicet.gob.ar\/wp-content\/uploads\/2025\/03\/dm_20240524142507_002.png 466w, https:\/\/nuevo.cerzos-conicet.gob.ar\/wp-content\/uploads\/2025\/03\/dm_20240524142507_002-300x147.png 300w\" sizes=\"(max-width: 466px) 100vw, 466px\" \/>\t\t\t\t\t\t\t\t\t\t\t\t\t<\/div>\n\t\t\t\t<\/div>\n\t\t\t\t<div class=\"elementor-element elementor-element-3c9aa0e elementor-widget elementor-widget-image\" data-id=\"3c9aa0e\" data-element_type=\"widget\" data-widget_type=\"image.default\">\n\t\t\t\t<div class=\"elementor-widget-container\">\n\t\t\t\t\t\t\t\t\t\t\t\t\t<img loading=\"lazy\" decoding=\"async\" width=\"466\" height=\"229\" src=\"https:\/\/nuevo.cerzos-conicet.gob.ar\/wp-content\/uploads\/2025\/03\/convocatoria.jpg\" class=\"attachment-large size-large wp-image-95\" alt=\"\" srcset=\"https:\/\/nuevo.cerzos-conicet.gob.ar\/wp-content\/uploads\/2025\/03\/convocatoria.jpg 466w, https:\/\/nuevo.cerzos-conicet.gob.ar\/wp-content\/uploads\/2025\/03\/convocatoria-300x147.jpg 300w\" sizes=\"(max-width: 466px) 100vw, 466px\" \/>\t\t\t\t\t\t\t\t\t\t\t\t\t<\/div>\n\t\t\t\t<\/div>\n\t\t\t\t\t<\/div>\n\t\t\t\t<\/div>\n\t\t<div class=\"elementor-element elementor-element-1239f1d e-flex e-con-boxed e-con e-parent\" data-id=\"1239f1d\" data-element_type=\"container\">\n\t\t\t\t\t<div class=\"e-con-inner\">\n\t\t\t\t\t<\/div>\n\t\t\t\t<\/div>\n\t\t\t\t<\/div>\n\t\t","protected":false},"excerpt":{"rendered":"<p>El Centro de Recursos Naturales Renovables de la Zona Semi\u00e1rida (CERZOS) fue creado en 1980 por la Universidad Nacional del [&hellip;]<\/p>\n","protected":false},"author":1,"featured_media":0,"parent":0,"menu_order":0,"comment_status":"closed","ping_status":"closed","template":"","meta":{"site-sidebar-layout":"no-sidebar","site-content-layout":"plain-container","ast-site-content-layout":"full-width-container","site-content-style":"default","site-sidebar-style":"default","ast-global-header-display":"","ast-banner-title-visibility":"","ast-main-header-display":"","ast-hfb-above-header-display":"","ast-hfb-below-header-display":"","ast-hfb-mobile-header-display":"","site-post-title":"disabled","ast-breadcrumbs-content":"","ast-featured-img":"disabled","footer-sml-layout":"","theme-transparent-header-meta":"enabled","adv-header-id-meta":"","stick-header-meta":"","header-above-stick-meta":"","header-main-stick-meta":"","header-below-stick-meta":"","astra-migrate-meta-layouts":"default","ast-page-background-enabled":"default","ast-page-background-meta":{"desktop":{"background-color":"var(--ast-global-color-4)","background-image":"","background-repeat":"repeat","background-position":"center center","background-size":"auto","background-attachment":"scroll","background-type":"","background-media":"","overlay-type":"","overlay-color":"","overlay-opacity":"","overlay-gradient":""},"tablet":{"background-color":"","background-image":"","background-repeat":"repeat","background-position":"center center","background-size":"auto","background-attachment":"scroll","background-type":"","background-media":"","overlay-type":"","overlay-color":"","overlay-opacity":"","overlay-gradient":""},"mobile":{"background-color":"","background-image":"","background-repeat":"repeat","background-position":"center center","background-size":"auto","background-attachment":"scroll","background-type":"","background-media":"","overlay-type":"","overlay-color":"","overlay-opacity":"","overlay-gradient":""}},"ast-content-background-meta":{"desktop":{"background-color":"var(--ast-global-color-5)","background-image":"","background-repeat":"repeat","background-position":"center center","background-size":"auto","background-attachment":"scroll","background-type":"","background-media":"","overlay-type":"","overlay-color":"","overlay-opacity":"","overlay-gradient":""},"tablet":{"background-color":"var(--ast-global-color-5)","background-image":"","background-repeat":"repeat","background-position":"center center","background-size":"auto","background-attachment":"scroll","background-type":"","background-media":"","overlay-type":"","overlay-color":"","overlay-opacity":"","overlay-gradient":""},"mobile":{"background-color":"var(--ast-global-color-5)","background-image":"","background-repeat":"repeat","background-position":"center center","background-size":"auto","background-attachment":"scroll","background-type":"","background-media":"","overlay-type":"","overlay-color":"","overlay-opacity":"","overlay-gradient":""}},"footnotes":""},"class_list":["post-8","page","type-page","status-publish","hentry"],"_links":{"self":[{"href":"https:\/\/nuevo.cerzos-conicet.gob.ar\/index.php\/wp-json\/wp\/v2\/pages\/8","targetHints":{"allow":["GET"]}}],"collection":[{"href":"https:\/\/nuevo.cerzos-conicet.gob.ar\/index.php\/wp-json\/wp\/v2\/pages"}],"about":[{"href":"https:\/\/nuevo.cerzos-conicet.gob.ar\/index.php\/wp-json\/wp\/v2\/types\/page"}],"author":[{"embeddable":true,"href":"https:\/\/nuevo.cerzos-conicet.gob.ar\/index.php\/wp-json\/wp\/v2\/users\/1"}],"replies":[{"embeddable":true,"href":"https:\/\/nuevo.cerzos-conicet.gob.ar\/index.php\/wp-json\/wp\/v2\/comments?post=8"}],"version-history":[{"count":16,"href":"https:\/\/nuevo.cerzos-conicet.gob.ar\/index.php\/wp-json\/wp\/v2\/pages\/8\/revisions"}],"predecessor-version":[{"id":100,"href":"https:\/\/nuevo.cerzos-conicet.gob.ar\/index.php\/wp-json\/wp\/v2\/pages\/8\/revisions\/100"}],"wp:attachment":[{"href":"https:\/\/nuevo.cerzos-conicet.gob.ar\/index.php\/wp-json\/wp\/v2\/media?parent=8"}],"curies":[{"name":"wp","href":"https:\/\/api.w.org\/{rel}","templated":true}]}}